e prime factors of 13268.
2, 31, 107
What are the prime factors of 4416?
2, 3, 23
What are the prime factors of 24488?
2, 3061
List the prime factors of 3474.
2, 3, 193
List the prime factors of 42592.
2, 11
List the prime factors of 4241.
4241
What are the prime factors of 6483?
3, 2161
What are the prime factors of 1293?
3, 431
List the prime factors of 5565.
3, 5, 7, 53
List the prime factors of 20580.
2, 3, 5, 7
What are the prime factors of 1318?
2, 659
List the prime factors of 755.
5, 151
What are the prime factors of 68247?
3, 7583
List the prime factors of 33345.
3, 5, 13, 19
List the prime factors of 1086.
2, 3, 181
List the prime factors of 35422.
2, 89, 199
What are the prime factors of 9933?
3, 7, 11, 43
List the prime factors of 2516.
2, 17, 37
List the prime factors of 19203.
3, 37, 173
List the prime factors of 15150.
2, 3, 5, 101
List the prime factors of 667.
23, 29
What are the prime factors of 1696?
2, 53
List the prime factors of 19100.
2, 5, 191
What are the prime factors of 18845?
5, 3769
List the prime factors of 15911.
7, 2273
What are the prime factors of 158562?
2, 3, 23, 383
What are the prime factors of 36238?
2, 18119
List the prime factors of 135175.
5, 5407
What are the prime factors of 9460?
2, 5, 11, 43
What are the prime factors of 17795?
5, 3559
What are the prime factors of 8973?
3, 997
List the prime factors of 8518.
2, 4259
What are the prime factors of 3315?
3, 5, 13, 17
What are the prime factors of 3215?
5, 643
What are the prime factors of 98311?
17, 5783
List the prime factors of 932.
2, 233
List the prime factors of 6283.
61, 103
List the prime factors of 66692.
2, 16673
List the prime factors of 3025.
5, 11
List the prime factors of 301.
7, 43
What are the prime factors of 3149?
47, 67
What are the prime factors of 24932?
2, 23, 271
List the prime factors of 6248.
2, 11, 71
What are the prime factors of 1031?
1031
List the prime factors of 2282.
2, 7, 163
What are the prime factors of 1336?
2, 167
What are the prime factors of 6733?
6733
What are the prime factors of 1168?
2, 73
List the prime factors of 511.
7, 73
List the prime factors of 642.
2, 3, 107
What are the prime factors of 327?
3, 109
List the prime factors of 944.
2, 59
What are the prime factors of 54929?
7, 19, 59
List the prime factors of 55931.
55931
List the prime factors of 411.
3, 137
What are the prime factors of 35079?
3, 11, 1063
What are the prime factors of 20203?
89, 227
What are the prime factors of 160715?
5, 32143
List the prime factors of 765.
3, 5, 17
List the prime factors of 17032.
2, 2129
List the prime factors of 1044.
2, 3, 29
What are the prime factors of 1368?
2, 3, 19
What are the prime factors of 5785?
5, 13, 89
List the prime factors of 270.
2, 3, 5
What are the prime factors of 5520?
2, 3, 5, 23
What are the prime factors of 123094?
2, 61547
List the prime factors of 53105.
5, 13, 19, 43
List the prime factors of 9155.
5, 1831
List the prime factors of 37690.
2, 5, 3769
What are the prime factors of 17277?
3, 13, 443
What are the prime factors of 11462?
2, 11, 521
List the prime factors of 76998.
2, 3, 41, 313
What are the prime factors of 1095?
3, 5, 73
List the prime factors of 1470.
2, 3, 5, 7
What are the prime factors of 30756?
2, 3, 11, 233
List the prime factors of 4852.
2, 1213
List the prime factors of 657.
3, 73
What are the prime factors of 12579?
3, 7, 599
List the prime factors of 162567.
3, 223
List the prime factors of 4849.
13, 373
List the prime factors of 24251.
24251
What are the prime factors of 59275?
5, 2371
What are the prime factors of 191?
191
What are the prime factors of 15093?
3, 13, 43
What are the prime factors of 50468?
2, 11, 31, 37
List the prime factors of 497.
7, 71
What are the prime factors of 720?
2, 3, 5
What are the prime factors of 3104?
2, 97
What are the prime factors of 129?
3, 43
What are the prime factors of 3353?
7, 479
List the prime factors of 12808.
2, 1601
List the prime factors of 15776.
2, 17, 29
What are the prime factors of 74?
2, 37
List the prime factors of 304.
2, 19
What are the prime factors of 40970?
2, 5, 17, 241
List the prime factors of 93725.
5, 23, 163
List the prime factors of 21196.
2, 7, 757
List the prime factors of 18617.
18617
List the prime factors of 621.
3, 23
List the prime factors of 49088.
2, 13, 59
List the prime factors of 12296.
2, 29, 53
What are the prime factors of 424?
2, 53
List the prime factors of 7616.
2, 7, 17
List the prime factors of 927.
3, 103
List the prime factors of 1423.
1423
What are the prime factors of 1591?
37, 43
List the prime factors of 2334.
2, 3, 389
List the prime factors of 625.
5
List the prime factors of 3491.
3491
What are the prime factors of 4192?
2, 131
List the prime factors of 1243.
11, 113
What are the prime factors of 31226?
2, 13, 1201
What are the prime factors of 44121?
3, 7, 11, 191
What are the prime factors of 10383?
3, 3461
What are the prime factors of 414?
2, 3, 23
What are the prime factors of 383?
383
List the prime factors of 4402.
2, 31, 71
What are the prime factors of 958?
2, 479
List the prime factors of 1460.
2, 5, 73
What are the prime factors of 846?
2, 3, 47
List the prime factors of 89019.
3, 7, 157
What are the prime factors of 9481?
19, 499
List the prime factors of 981.
3, 109
List the prime factors of 331.
331
What are the prime factors of 997?
997
What are the prime factors of 1376?
2, 43
What are the prime factors of 3671?
3671
List the prime factors of 38592.
2, 3, 67
What are the prime factors of 7698?
2, 3, 1283
What are the prime factors of 8454?
2, 3, 1409
What are the prime factors of 41656?
2, 41, 127
What are the prime factors of 131102?
2, 65551
List the prime factors of 377.
13, 29
What are the prime factors of 4325?
5, 173
List the prime factors of 732.
2, 3, 61
List the prime factors of 137422.
2, 68711
List the prime factors of 2770.
2, 5, 277
What are the prime factors of 29617?
7, 4231
What are the prime factors of 2521?
2521
List the prime factors of 5080.
2, 5, 127
What are the prime factors of 3023?
3023
List the prime factors of 17784.
2, 3, 13, 19
What are the prime factors of 1281?
3, 7, 61
List the prime factors of 6682.
2, 13, 257
List the prime factors of 25686.
2, 3, 1427
List the prime factors of 4977.
3, 7, 79
What are the prime factors of 1091?
1091
List the prime factors of 996.
2, 3, 83
List the prime factors of 80.
2, 5
What are the prime factors of 317?
317
List the prime factors of 5532.
2, 3, 461
What are the prime factors of 4459?
7, 13
What are the prime factors of 3951?
3, 439
List the prime factors of 80483.
13, 41, 151
List the prime factors of 8957.
13, 53
What are the prime factors of 7773?
3, 2591
What are the prime factors of 1790?
2, 5, 179
What are the prime factors of 41078?
2, 19, 23, 47
List the prime factors of 1571.
1571
List the prime factors of 19012.
2, 7, 97
List the prime factors of 24361.
17, 1433
What are the prime factors of 10290?
2, 3, 5, 7
List the prime factors of 2516.
2, 17, 37
List the prime factors of 3346.
2, 7, 239
What are the prime factors of 918?
2, 3, 17
What are the prime factors of 16077?
3, 23, 233
What are the prime factors of 11824?
2, 739
List the prime factors of 14031.
3, 1559
What are the prime factors of 7825?
5, 313
List the prime factors of 755.
5, 151
What are the prime factors of 154415?
5, 89, 347
What are the prime factors of 37130?
2, 5, 47, 79
What are the prime factors of 1460?
2, 5, 73
What are the prime factors of 1227?
3, 409
What are the prime factors of 10389?
3, 3463
What are the prime factors of 359?
359
What are the prime factors of 14734?
2, 53, 139
What are the prime factors of 37897?
37897
What are the prime factors of 421?
421
What are the prime factors of 37972?
2, 11, 863
List the prime factors of 6084.
2, 3, 13
List the prime factors of 17810.
2, 5, 13, 137
What are the prime factors of 2211?
3, 11, 67
List the prime factors of 8308.
2, 31, 67
List the prime factors of 28077.
3, 7, 191
What are the prime factors of 4928?
2, 7, 11
List the prime factors of 15048.
2, 3, 11, 19
What are the prime factors of 2056?
2, 257
What are the prime factors of 1674?
2, 3, 31
What are the prime factors of 28770?
2, 3, 5, 7, 137
What are the prime factors of 1005?
3, 5, 